e factors of f.
7
What are the prime factors of (-20 + 11)/(2/(-24))?
2, 3
Suppose 4*w - 13 = 7. Suppose 4*m - 3*f = 17, 7*m + 3*f + 1 = 3*m. Suppose -q = -2*z - 26, w*z + 0 + 57 = m*q. What are the prime factors of q?
2
Suppose 0*j - 4 = r + 4*j, 5*j - 25 = -5*r. Let c(p) be the second derivative of -p**5/20 + 7*p**4/12 + 4*p**3/3 + p**2 + 6*p. List the prime factors of c(r).
2
Let m(i) = -i**2 - 9*i + 13. Let t be m(-10). Let k = 2 + t. What are the prime factors of k?
5
Let i = -7 + 11. Suppose 0*a = -i*a + 96. Suppose -o - a = -3*o. What are the prime factors of o?
2, 3
Suppose 986 = 20*v - 4974. What are the prime factors of v?
2, 149
Let v(o) = o + 2. Let s be v(2). Suppose -s*b = -3*m + 6 - 17, -m + 5*b - 22 = 0. What are the prime factors of m?
3
Let z = -15 - -21. Let d = -7 + z. Let w(r) = -2*r. List the prime factors of w(d).
2
Suppose -v + 33 = -0*v - 5*n, -n = 2*v - 22. What are the prime factors of v?
13
Let l(v) = -v**2 - 7*v - 8. Let n be l(-6). Let u(k) = -2*k - 2. What are the prime factors of u(n)?
2
Let v(q) = -3*q**2. Let b(m) = -2*m + 4. Let i be b(3). Let y be v(i). Let x = -6 - y. What are the prime factors of x?
2, 3
Let s(l) = -3*l**2 - 5*l - 6. Let w be s(-3). Let u = 2 - w. What are the prime factors of u?
2, 5
Suppose 124 = 4*l + 3*z - 41, 4*z = -3*l + 115. Suppose a = 6*a - l. What are the prime factors of a?
3
Let w be (-6)/15 + (-27)/(-5). Let u = -1 + w. Suppose 0*m - 15 = -3*p - 3*m, 0 = -u*p - 5*m + 18. What are the prime factors of p?
7
Suppose -4*w - 2*w + 294 = 0. List the prime factors of w.
7
What are the prime factors of (-1252)/(-36) + 2/9?
5, 7
Suppose 5*d = 23 + 22. List the prime factors of ((-3)/2)/(d/(-42)).
7
Let u(z) = -2*z + 3. Let j(m) = -5*m + 6. Let i(h) = 4*j(h) - 9*u(h). Let t be i(-12). Suppose -t + 101 = 5*r. What are the prime factors of r?
2
Suppose 4*d - 2*p + 6*p - 124 = 0, 0 = 4*p - 12. What are the prime factors of d?
2, 7
Let k be 1/(-1 + 2/4). Let a = k - -14. What are the prime factors of a?
2, 3
Suppose 0 = -5*a - 3*p + 61, -4*p = -4*a + 19 + 49. List the prime factors of a.
2, 7
Let l be (-24)/4*-31 + -2. Let j(k) = -k**2 + k + 4. Let s be j(0). List the prime factors of s/(-18) - l/(-18).
2, 5
Let z = -12 + 11. Let m be (-3)/(-2)*4/6. Let g = m - z. What are the prime factors of g?
2
Suppose -2*v = -156 - 8. What are the prime factors of v?
2, 41
Suppose 0 = -z - 3*a + 91, 2*z + 5*a - 350 = -2*z. List the prime factors of z.
5, 17
Let s be 27 - (6 - 9/3). Suppose -4*m + 36 = -s. What are the prime factors of m?
3, 5
Suppose 4*j + 3*w - 44 = 2*w, -5*j = 4*w - 66. Suppose -z + 0*z = -j. Suppose 3*s - z = s. List the prime factors of s.
5
Suppose -5*c = 4*d - 0*c - 139, -141 = -4*d - 3*c. List the prime factors of d.
2, 3
Suppose -757 = -3*i - 88. What are the prime factors of i?
223
Suppose 0 = -4*l + 13 - 1. Suppose 0 = -d + 16 - l. List the prime factors of d.
13
Suppose 5*i + i - 24 = 0. Let s be (-2)/(-3) + 20/6. Suppose -i*d = -3*h + 17, -4*h - s*d + 4 = -0*h. List the prime factors of h.
3
Suppose 2 = -3*u + 11. Let i be u/(-2)*30/(-9). Let o = i - 2. What are the prime factors of o?
3
Let q = -61 + 133. Suppose -4*d + 0*d + q = 0. List the prime factors of d.
2, 3
Let j = 13 + -1. Suppose -4*s + 6*s - j = 0. Suppose -4*u + 39 = -3*r, 0 = -u - 0*r + 2*r + s. What are the prime factors of u?
2, 3
Let a(y) be the first derivative of 5*y + 1/2*y**2 + 2. What are the prime factors of a(6)?
11
Let g be (-12*(0 + 1))/1. List the prime factors of ((-42)/g)/(2/4).
7
Suppose -5*u = -4*u - 5. Suppose -3*f = 4*z - 51, -z - 2*z + u*f = -2. List the prime factors of z.
3
Let y(m) = -m**3 - 5*m**2 - 3*m - 9. Let a be y(-4). Let g = a - -16. What are the prime factors of g?
3
Suppose -u - u + 5*g = 3, 0 = -3*u - g + 4. Suppose 3*p = -4 + u, -2*p - 32 = -5*i. Let d = i + -1. List the prime factors of d.
5
Let b(s) = s**3 + 5*s**2 + 9. Let q be b(-5). Suppose 0 = t - 4*f - q + 2, 5*f = -3*t + 4. What are the prime factors of t?
3
Let k(g) = -g**2 - 4*g + 4. Let o be k(-4). Suppose 7*j - 75 = o*j. Suppose v - 15 = 3*t, -4*v + t = -2*v - j. What are the prime factors of v?
2, 3
Suppose 29*j - 2200 = 7*j. What are the prime factors of j?
2, 5
Suppose -4*t = -24 - 16. Suppose -2*j + 4*o - t = -0, 4*o - 22 = -2*j. Suppose -3*s + 2*s + 18 = -j*h, -3*s = 3*h - 30. List the prime factors of s.
2, 3
Let v(s) = s**2 - 9 - 3*s**2 + 9 - 5*s**3. List the prime factors of v(-2).
2
List the prime factors of (-18 - -2)/((-1)/4).
2
Let l(h) = 3*h + 4. Suppose 0 = 4*c - 5*f + 17, 3*f - 4 + 16 = -5*c. Let m be l(c). Let w(a) = a**3 + 4*a**2 - 6*a + 1. What are the prime factors of w(m)?
2, 3
Let y(a) = -a**2 - 27*a + 3. List the prime factors of y(-23).
5, 19
Let m = 2 - 0. Suppose 5*f = m*z - 33, 1 = 5*z + 5*f + 6. Suppose z*n + 3*v - 60 = 6*v, -5*v - 60 = -4*n. List the prime factors of n.
3, 5
Let w = 15 - 11. Suppose -33 = z - w*z. What are the prime factors of z?
11
Suppose 0 = 3*l - 2*i + 25, -3*l + 2 - 15 = -5*i. Let o = 24 + l. List the prime factors of o.
13
Let c be 5148/84 + (-4)/14. Suppose 0 = -2*a + c - 15. What are the prime factors of a?
23
Let g(p) = 9*p**3 + 2*p**2 - p. Let k be g(1). Suppose -k = -2*t + t. What are the prime factors of t?
2, 5
Suppose -37*m + 408 = -34*m. List the prime factors of m.
2, 17
Let j = 3 + -2. Suppose -u - 12 = -3*b, 5*b - 5 - 5 = 0. What are the prime factors of (-9)/u*(j - -1)?
3
Suppose -50 = -6*c + c. Let n(l) = -l**3 + 10*l**2 + 11*l. Let x be n(11). Suppose x = a - c. List the prime factors of a.
2, 5
Let u(t) = -2*t + 3. Let j be u(4). Let v(s) = s**3 + 4*s**2 - 7*s - 6. Let b be v(j). Suppose 23 = b*l - 33. What are the prime factors of l?
2, 7
Let l be 0*(-3)/(3 + 0). Suppose l = -5*v - 4*g - 0*g - 50, -4*v = -g + 40. What are the prime factors of (8/v)/(10/(-225))?
2, 3
Let h(u) = -u**3 - 4*u**2 - 2*u + 4. Let q be h(-3). What are the prime factors of 12 + -2 - (q - -2)?
7
Let n(d) = 7*d**2 + 2*d - 2. Let l be n(1). Let v(y) = y - 7. Let x be v(6). Let q = l - x. What are the prime factors of q?
2
Let d be 1/((-15)/36)*-5. Let x be ((-10)/3)/((-4)/d). Let i = 15 - x. List the prime factors of i.
5
Suppose 3*i + 5*f = 32, -i + f - 12 = -3*f. Suppose 0 = -i*h + 9 + 7. List the prime factors of h.
2
Let p = 42 + -11. Let i = 43 - p. List the prime factors of i.
2, 3
Let n(k) = -k**3 - 9*k**2 - 10*k + 8. List the prime factors of n(-8).
2, 3
Suppose -m - m = -18. Suppose n + 0 = m. What are the prime factors of n?
3
Let y be 33/(-9)*(1 + -4). Let h = 20 + y. What are the prime factors of h?
31
Let r = -6 - -12. Suppose -3*l + d - 5 = 0, -4*l + d - r*d = 13. List the prime factors of -20*(l - -5)/(-6).
2, 5
Let i(u) = 5*u**2 - u - 1. Let r be i(-1). Let m(j) = 4 - 2 + r*j**2 - 1. List the prime factors of m(-1).
2, 3
Suppose -4*o - o = -75. Suppose -t + 3*u + u + 30 = 0, 15 = -t - 5*u. Let z = o - t. What are the prime factors of z?
5
Let q be ((-6)/(-8))/((-1)/(-4)). Let h(y) be the second derivative of -y**5/20 + 5*y**4/12 - 2*y**3/3 - y**2/2 + 6*y. List the prime factors of h(q).
5
Let u be 6/((-2)/((-24)/(-9))). Let x(y) = y**2 + 7*y - 4. List the prime factors of x(u).
2
Suppose 5*r - 3*n = 29, -3*n = -7 + 1. What are the prime factors of r?
7
Suppose j + 21 = 5*g + 92, 2*j + 2*g - 118 = 0. What are the prime factors of j?
61
Let u = -6 + 6. What are the prime factors of 18/(-15)*(u + -5)?
2, 3
Let c be (-2)/4*2*-2. Suppose 5*z = c*o - 32, -14 - 11 = -o - 2*z. List the prime factors of o.
3, 7
Suppose -t = 3*g - 564 + 26, 5*t - 530 = -3*g. List the prime factors of g.
2, 3, 5
Let r(x) = -x + 9. Let z be r(6). Let g(o) = -5*o**2 + 6 + o**z - 2*o**2 - 7*o - 2. What are the prime factors of g(8)?
2, 3
Let w(d) = 3*d**3 + d**2 - 1. Let m be w(1). Suppose -5*a = -0*k - k + 22, k - a = 6. Suppose -k*r + 110 = m*r. What are the prime factors of r?
2, 11
Suppose -2*l = 2*l - 36. Suppose -4*s = -l*s + 170. List the prime factors of s.
2, 17
Let a be (9/(-6))/((-6)/(-8)). What are the prime factors of (a/4)/((-1)/10)?
5
Suppose -15 = -4*w + 1. Suppose 0 = -3*u - u - 4, k + w*u + 1 = 0. List the prime factors of k.
3
Let n(q) be the first derivative of 7*q**3/3 - q**2/2 + q - 4. What are the prime factors of n(1)?
7
Let f = -17 + 57. List the prime factors